{"id":34,"date":"2021-04-07T16:52:45","date_gmt":"2021-04-07T14:52:45","guid":{"rendered":"http:\/\/gretsi.fr\/ressources-pedagogiques\/?page_id=34"},"modified":"2021-04-09T16:45:07","modified_gmt":"2021-04-09T14:45:07","slug":"demarche","status":"publish","type":"page","link":"https:\/\/gretsi.fr\/ressources-pedagogiques\/demarche\/","title":{"rendered":"D\u00e9marche \u00e0 suivre pour d\u00e9poser une ressource"},"content":{"rendered":"<p>Merci de contribuer \u00e0 l&rsquo;enseignement de la discipline en proposant une ressource p\u00e9dagogique ! Elle permettra \u00e0 un autre enseignant du domaine de disposer d&rsquo;un contenu de qualit\u00e9 pour ses propres cours.<\/p>\n<p>Cette page d\u00e9crit la proc\u00e9dure pour d\u00e9poser une ressource p\u00e9dagogique.<\/p>\n<p><!--more--><\/p>\n<h2>Ajouter une nouvelle ressource<\/h2>\n<p>Le site fonctionne sous WordPress, un syst\u00e8me de gestion de blog. Aussi, d\u00e9poser une ressource revient \u00e0 \u00e9crire un article de blog. Avant de commencer, <a href=\"http:\/\/gretsi.fr\/ressources-pedagogiques\/login\">connectez-vous<\/a> au site avec votre compte. Si vous n&rsquo;en avez pas encore un, envoyez un mail \u00e0 <a href=\"mailto:vincent.mazet@unistra.fr\">vincent.mazet@unistra.fr<\/a> pour en demander un.<\/p>\n<p>Dans l&rsquo;interface de WordPress, cliquez sur <strong>Articles<\/strong> &gt; <strong>Ajouter<\/strong>\u00a0dans la colonne de gauche.<\/p>\n<p><img loading=\"lazy\" class=\"wp-image-90 size-large aligncenter\" src=\"http:\/\/gretsi.fr\/ressources-pedagogiques\/wp-content\/uploads\/2021\/04\/Ajouter-article-1024x581.png\" alt=\"\" width=\"1024\" height=\"581\" srcset=\"https:\/\/gretsi.fr\/ressources-pedagogiques\/wp-content\/uploads\/2021\/04\/Ajouter-article-1024x581.png 1024w, https:\/\/gretsi.fr\/ressources-pedagogiques\/wp-content\/uploads\/2021\/04\/Ajouter-article-300x170.png 300w, https:\/\/gretsi.fr\/ressources-pedagogiques\/wp-content\/uploads\/2021\/04\/Ajouter-article-768x436.png 768w, https:\/\/gretsi.fr\/ressources-pedagogiques\/wp-content\/uploads\/2021\/04\/Ajouter-article.png 1165w\" sizes=\"(max-width: 1024px) 100vw, 1024px\" \/><\/p>\n<h2>D\u00e9crire la ressource<\/h2>\n<p>Pour chaque ressource d\u00e9pos\u00e9e, vous devez d\u00e9finir : le titre, une description d\u00e9taill\u00e9e, le niveau d&rsquo;\u00e9tude o\u00f9 elle est enseign\u00e9e, la ou les th\u00e9matique(s) couverte(s), le type de d\u00e9p\u00f4t (PDF, code, image&#8230;), les auteurs et la licence.<\/p>\n<ul>\n<li>Choisissez un titre suffisamment explicite pour qu&rsquo;il ait une signification pour la personne qui effectuera une recherche ! \u00c9vitez par exemple un laconique \u00ab Cours de traitement du signal \u00bb.<\/li>\n<li>Ensuite, indiquez la zone de texte la description de votre ressource : quel type de ressource est-ce ? Que contient-elle ? \u00c0 quels apprenants s&rsquo;adresse-t-elle ? Quelle m\u00e9thode p\u00e9dagogique correspond \u00e0 cet enseignement ? Ces informations sont essentielles pour d\u00e9terminer si la ressource que vous proposez sera utile pour la personne qui effectue la recherche.<\/li>\n<li>Dans la colonne \u00e0 droite de l&rsquo;\u00e9cran se trouvent trois rubriques \u00e0 compl\u00e9ter : le niveau d&rsquo;\u00e9tude auquel s&rsquo;adresse votre ressource, la th\u00e9matique abord\u00e9e et le type de ressource (support de cours, code informatique, etc.). Ces rubriques permettent d&rsquo;affiner la recherche de ressources et sont donc utiles pour les enseignants !<\/li>\n<li>N&rsquo;oubliez pas d&rsquo;indiquer le nom des auteurs de la ressource, et une adresse \u00e9lectronique pour vous joindre en cas de question, commentaire ou f\u00e9licitations \ud83d\ude01\u00a0!<\/li>\n<li>La licence est \u00e9galement indispensable, car en d\u00e9posant une ressource, vous la diffusez sur Internet. Pour le code informatique, nous conseillons la licence <a href=\"http:\/\/www.gnu.org\/licenses\/quick-guide-gplv3.html\">GPL<\/a> (tr\u00e8s r\u00e9pandue, mais de droit am\u00e9ricain) ou <a href=\"https:\/\/cecill.info\/faq.fr.html\">CeCILL<\/a> (de droit fran\u00e7ais). Pour tout le reste (texte, image&#8230;) l&rsquo;une des licences <a href=\"https:\/\/creativecommons.org\/choose\/\">Creative Commons<\/a> est tout \u00e0 fait adapt\u00e9e. Vous trouverez plus d&rsquo;information, notamment les diff\u00e9rentes versions de ces licences, dans les liens pr\u00e9c\u00e9dents.<\/li>\n<li>Vous pouvez aussi joindre un document \u00e0 votre d\u00e9p\u00f4t (pdf, code, &#8230;), ou ajouter un visuel, en cliquant sur le bouton <strong>Ajouter un m\u00e9dia<\/strong>.<\/li>\n<\/ul>\n<p><img loading=\"lazy\" class=\"aligncenter wp-image-88\" src=\"http:\/\/gretsi.fr\/ressources-pedagogiques\/wp-content\/uploads\/2021\/04\/Ajouter-un-media-1-300x67.png\" alt=\"\" width=\"500\" height=\"112\" srcset=\"https:\/\/gretsi.fr\/ressources-pedagogiques\/wp-content\/uploads\/2021\/04\/Ajouter-un-media-1-300x67.png 300w, https:\/\/gretsi.fr\/ressources-pedagogiques\/wp-content\/uploads\/2021\/04\/Ajouter-un-media-1-1024x230.png 1024w, https:\/\/gretsi.fr\/ressources-pedagogiques\/wp-content\/uploads\/2021\/04\/Ajouter-un-media-1-768x173.png 768w, https:\/\/gretsi.fr\/ressources-pedagogiques\/wp-content\/uploads\/2021\/04\/Ajouter-un-media-1-1536x345.png 1536w, https:\/\/gretsi.fr\/ressources-pedagogiques\/wp-content\/uploads\/2021\/04\/Ajouter-un-media-1.png 1881w\" sizes=\"(max-width: 500px) 100vw, 500px\" \/><\/p>\n<ul>\n<li>Lorsqu&rsquo;un utilisateur effectuera une recherche, un r\u00e9sum\u00e9 des d\u00e9p\u00f4ts correspondants sera list\u00e9 sur une page de r\u00e9sultat. Le r\u00e9sum\u00e9 d&rsquo;un d\u00e9p\u00f4t correspond au premi\u00e8res lignes de celui-ci, jusqu&rsquo;\u00e0 une limite que vous pr\u00e9ciserez en introduisant une balise <strong>Lire la suite<\/strong>.<\/li>\n<\/ul>\n<p><img loading=\"lazy\" class=\"aligncenter wp-image-86\" src=\"http:\/\/gretsi.fr\/ressources-pedagogiques\/wp-content\/uploads\/2021\/04\/Lire-la-suite-300x67.png\" alt=\"\" width=\"500\" height=\"112\" srcset=\"https:\/\/gretsi.fr\/ressources-pedagogiques\/wp-content\/uploads\/2021\/04\/Lire-la-suite-300x67.png 300w, https:\/\/gretsi.fr\/ressources-pedagogiques\/wp-content\/uploads\/2021\/04\/Lire-la-suite-1024x230.png 1024w, https:\/\/gretsi.fr\/ressources-pedagogiques\/wp-content\/uploads\/2021\/04\/Lire-la-suite-768x172.png 768w, https:\/\/gretsi.fr\/ressources-pedagogiques\/wp-content\/uploads\/2021\/04\/Lire-la-suite-1536x344.png 1536w, https:\/\/gretsi.fr\/ressources-pedagogiques\/wp-content\/uploads\/2021\/04\/Lire-la-suite.png 1882w\" sizes=\"(max-width: 500px) 100vw, 500px\" \/><\/p>\n<p>&nbsp;<\/p>\n<p>Pour terminer, v\u00e9rifiez l&rsquo;article cr\u00e9\u00e9 en cliquant sur le bouton Pr\u00e9visualiser. Si tout est OK, vous n&rsquo;avez plus qu&rsquo;\u00e0 cliquer sur <strong>Publier<\/strong>.<\/p>\n<p><img loading=\"lazy\" class=\"size-large wp-image-87 aligncenter\" src=\"http:\/\/gretsi.fr\/ressources-pedagogiques\/wp-content\/uploads\/2021\/04\/Publier-1024x611.png\" alt=\"\" width=\"1024\" height=\"611\" srcset=\"https:\/\/gretsi.fr\/ressources-pedagogiques\/wp-content\/uploads\/2021\/04\/Publier-1024x611.png 1024w, https:\/\/gretsi.fr\/ressources-pedagogiques\/wp-content\/uploads\/2021\/04\/Publier-300x179.png 300w, https:\/\/gretsi.fr\/ressources-pedagogiques\/wp-content\/uploads\/2021\/04\/Publier-768x458.png 768w, https:\/\/gretsi.fr\/ressources-pedagogiques\/wp-content\/uploads\/2021\/04\/Publier.png 1165w\" sizes=\"(max-width: 1024px) 100vw, 1024px\" \/><\/p>\n<h2>Modifier la ressource<\/h2>\n<p>\u00c0 tout moment, vous pourrez modifier, compl\u00e9ter, am\u00e9liorer ou supprimer votre d\u00e9p\u00f4t en vous connectant \u00e0 nouveau au site, puis en acc\u00e9dant au v\u00f4tre dans <strong>Articles<\/strong> &gt; <strong>Tous les articles<\/strong>.<\/p>\n<p><img loading=\"lazy\" class=\"size-large wp-image-89 aligncenter\" src=\"http:\/\/gretsi.fr\/ressources-pedagogiques\/wp-content\/uploads\/2021\/04\/Ajouter-Tous-les-articles-1024x581.png\" alt=\"\" width=\"1024\" height=\"581\" srcset=\"https:\/\/gretsi.fr\/ressources-pedagogiques\/wp-content\/uploads\/2021\/04\/Ajouter-Tous-les-articles-1024x581.png 1024w, https:\/\/gretsi.fr\/ressources-pedagogiques\/wp-content\/uploads\/2021\/04\/Ajouter-Tous-les-articles-300x170.png 300w, https:\/\/gretsi.fr\/ressources-pedagogiques\/wp-content\/uploads\/2021\/04\/Ajouter-Tous-les-articles-768x436.png 768w, https:\/\/gretsi.fr\/ressources-pedagogiques\/wp-content\/uploads\/2021\/04\/Ajouter-Tous-les-articles.png 1165w\" sizes=\"(max-width: 1024px) 100vw, 1024px\" \/><\/p>\n<p>Nous vous remercions pour votre contribution !<\/p>\n","protected":false},"excerpt":{"rendered":"<p>Merci de contribuer \u00e0 l&rsquo;enseignement de la discipline en proposant une ressource p\u00e9dagogique ! Elle permettra \u00e0 un autre enseignant du domaine de disposer d&rsquo;un contenu de qualit\u00e9 pour ses propres cours. Cette page d\u00e9crit la proc\u00e9dure pour d\u00e9poser une ressource p\u00e9dagogique.<\/p>\n","protected":false},"author":3,"featured_media":0,"parent":0,"menu_order":0,"comment_status":"closed","ping_status":"closed","template":"","meta":{"neve_meta_sidebar":"full-width","neve_meta_container":"","neve_meta_enable_content_width":"on","neve_meta_content_width":100,"neve_meta_title_alignment":"","neve_meta_author_avatar":"","neve_post_elements_order":"","neve_meta_disable_header":"","neve_meta_disable_footer":"","neve_meta_disable_title":""},"niveau":[],"theme2":[],"type2":[],"acf":[],"_links":{"self":[{"href":"https:\/\/gretsi.fr\/ressources-pedagogiques\/wp-json\/wp\/v2\/pages\/34"}],"collection":[{"href":"https:\/\/gretsi.fr\/ressources-pedagogiques\/wp-json\/wp\/v2\/pages"}],"about":[{"href":"https:\/\/gretsi.fr\/ressources-pedagogiques\/wp-json\/wp\/v2\/types\/page"}],"author":[{"embeddable":true,"href":"https:\/\/gretsi.fr\/ressources-pedagogiques\/wp-json\/wp\/v2\/users\/3"}],"replies":[{"embeddable":true,"href":"https:\/\/gretsi.fr\/ressources-pedagogiques\/wp-json\/wp\/v2\/comments?post=34"}],"version-history":[{"count":5,"href":"https:\/\/gretsi.fr\/ressources-pedagogiques\/wp-json\/wp\/v2\/pages\/34\/revisions"}],"predecessor-version":[{"id":94,"href":"https:\/\/gretsi.fr\/ressources-pedagogiques\/wp-json\/wp\/v2\/pages\/34\/revisions\/94"}],"wp:attachment":[{"href":"https:\/\/gretsi.fr\/ressources-pedagogiques\/wp-json\/wp\/v2\/media?parent=34"}],"wp:term":[{"taxonomy":"niveau","embeddable":true,"href":"https:\/\/gretsi.fr\/ressources-pedagogiques\/wp-json\/wp\/v2\/niveau?post=34"},{"taxonomy":"theme2","embeddable":true,"href":"https:\/\/gretsi.fr\/ressources-pedagogiques\/wp-json\/wp\/v2\/theme2?post=34"},{"taxonomy":"type2","embeddable":true,"href":"https:\/\/gretsi.fr\/ressources-pedagogiques\/wp-json\/wp\/v2\/type2?post=34"}],"curies":[{"name":"wp","href":"https:\/\/api.w.org\/{rel}","templated":true}]}}