{"id":36,"date":"2021-04-07T16:53:36","date_gmt":"2021-04-07T14:53:36","guid":{"rendered":"http:\/\/gretsi.fr\/ressources-pedagogiques\/?page_id=36"},"modified":"2023-04-11T16:38:58","modified_gmt":"2023-04-11T14:38:58","slug":"accueil","status":"publish","type":"page","link":"https:\/\/gretsi.fr\/ressources-pedagogiques\/","title":{"rendered":""},"content":{"rendered":"\r\n<p>&nbsp;<\/p>\r\n\r\n\r\n\r\n<p><img loading=\"lazy\" class=\"wp-image-79 size-large aligncenter\" src=\"http:\/\/gretsi.fr\/ressources-pedagogiques\/wp-content\/uploads\/2021\/04\/accueil-1024x392.png\" alt=\"\" width=\"1024\" height=\"392\" srcset=\"https:\/\/gretsi.fr\/ressources-pedagogiques\/wp-content\/uploads\/2021\/04\/accueil-1024x392.png 1024w, https:\/\/gretsi.fr\/ressources-pedagogiques\/wp-content\/uploads\/2021\/04\/accueil-300x115.png 300w, https:\/\/gretsi.fr\/ressources-pedagogiques\/wp-content\/uploads\/2021\/04\/accueil-768x294.png 768w, https:\/\/gretsi.fr\/ressources-pedagogiques\/wp-content\/uploads\/2021\/04\/accueil-1536x588.png 1536w, https:\/\/gretsi.fr\/ressources-pedagogiques\/wp-content\/uploads\/2021\/04\/accueil.png 2000w\" sizes=\"(max-width: 1024px) 100vw, 1024px\" \/><\/p>\r\n<p>Pour aider les enseignants de la discipline \u00e0 concevoir rapidement des enseignements de qualit\u00e9, nous mettons \u00e0 leur disposition des ressources p\u00e9dagogiques.<\/p>\r\n<p>Ce site est \u00e0 destination des enseignants en traitement du signal et des images, il ne constitue pas un recueil d&rsquo;exercices et nous ne sommes pas tenu de r\u00e9pondre aux demandes d&rsquo;aide ou de correction des exercices.<\/p>\r\n<h2>Rechercher une ressource<\/h2>\r\n<p>\r\n\t\t\t\t<form action=\"\" method=\"post\" class=\"searchandfilter\">\r\n\t\t\t\t\t<div>\r\n\t\t\t\t\t\t<ul><li><input type=\"text\" name=\"ofsearch\" placeholder=\"\" value=\"\"><\/li><li><input type=\"hidden\" name=\"ofsubmitted\" value=\"1\">\r\n\t\t\t\t\t\t\t<input type=\"submit\" value=\"Rechercher\">\r\n\t\t\t\t\t\t<\/li><\/ul><\/div>\r\n\t\t\t\t<\/form> <a href=\"http:\/\/gretsi.fr\/ressources-pedagogiques\/recherche-avancee\/\">Recherche avanc\u00e9e<\/a> \u00a0<\/p>\r\n<p><a href=\"http:\/\/gretsi.fr\/archives\/peyresq\">Les archives des \u00e9coles d&rsquo;\u00e9t\u00e9 de Peyresq sont \u00e9galement disponibles !<\/a><\/p>\r\n<h2>D\u00e9poser une ressource<\/h2>\r\n<p><a href=\"http:\/\/gretsi.fr\/ressources-pedagogiques\/login\">Connectez-vous<\/a> pour d\u00e9poser une ressource ou mettre \u00e0 jour vos d\u00e9p\u00f4ts. Pour demander un compte, contactez <a href=\"mailto:vincent.mazet@unistra.fr?subject=Demande d'ouverture de compte\">vincent.mazet@unistra.fr<\/a>.<\/p>\r\n<p><a href=\"http:\/\/gretsi.fr\/ressources-pedagogiques\/demarche\/\">D\u00e9marche \u00e0 suivre pour d\u00e9poser une ressource<\/a><\/p>\r\n<h2>Contact<\/h2>\r\n\r\n\r\n\r\n<p>Vincent Mazet, Universit\u00e9 de Strasbourg \u2013 <a href=\"mailto:vincent.mazet@unistra.fr?subject=Demande d'ouverture de compte\">vincent.mazet@unistra.fr<\/a>. \u00a0 \u00a0<\/p>\r\n<p><img loading=\"lazy\" class=\"aligncenter wp-image-78 size-medium\" src=\"http:\/\/gretsi.fr\/ressources-pedagogiques\/wp-content\/uploads\/2021\/04\/hero-logo-blue-gretsi-300x258.png\" alt=\"\" width=\"300\" height=\"258\" srcset=\"https:\/\/gretsi.fr\/ressources-pedagogiques\/wp-content\/uploads\/2021\/04\/hero-logo-blue-gretsi-300x258.png 300w, https:\/\/gretsi.fr\/ressources-pedagogiques\/wp-content\/uploads\/2021\/04\/hero-logo-blue-gretsi-1024x880.png 1024w, https:\/\/gretsi.fr\/ressources-pedagogiques\/wp-content\/uploads\/2021\/04\/hero-logo-blue-gretsi-768x660.png 768w, https:\/\/gretsi.fr\/ressources-pedagogiques\/wp-content\/uploads\/2021\/04\/hero-logo-blue-gretsi.png 1163w\" sizes=\"(max-width: 300px) 100vw, 300px\" \/><\/p>\r\n<p>&nbsp;<\/p>\r\n<p>&nbsp;<\/p>\r\n","protected":false},"excerpt":{"rendered":"<p>&nbsp; Pour aider les enseignants de la discipline \u00e0 concevoir rapidement des enseignements de qualit\u00e9, nous mettons \u00e0 leur disposition des ressources p\u00e9dagogiques. Ce site est \u00e0 destination des enseignants en traitement du signal et des images, il ne constitue pas un recueil d&rsquo;exercices et nous ne sommes pas tenu de r\u00e9pondre aux demandes d&rsquo;aide&hellip;&nbsp;<a href=\"https:\/\/gretsi.fr\/ressources-pedagogiques\/\" class=\"\" rel=\"bookmark\">Lire la suite &raquo;<span class=\"screen-reader-text\"><\/span><\/a><\/p>\n","protected":false},"author":3,"featured_media":0,"parent":0,"menu_order":0,"comment_status":"closed","ping_status":"closed","template":"","meta":{"neve_meta_sidebar":"full-width","neve_meta_container":"","neve_meta_enable_content_width":"on","neve_meta_content_width":100,"neve_meta_title_alignment":"","neve_meta_author_avatar":"","neve_post_elements_order":"","neve_meta_disable_header":"","neve_meta_disable_footer":"","neve_meta_disable_title":""},"niveau":[],"theme2":[],"type2":[],"acf":[],"_links":{"self":[{"href":"https:\/\/gretsi.fr\/ressources-pedagogiques\/wp-json\/wp\/v2\/pages\/36"}],"collection":[{"href":"https:\/\/gretsi.fr\/ressources-pedagogiques\/wp-json\/wp\/v2\/pages"}],"about":[{"href":"https:\/\/gretsi.fr\/ressources-pedagogiques\/wp-json\/wp\/v2\/types\/page"}],"author":[{"embeddable":true,"href":"https:\/\/gretsi.fr\/ressources-pedagogiques\/wp-json\/wp\/v2\/users\/3"}],"replies":[{"embeddable":true,"href":"https:\/\/gretsi.fr\/ressources-pedagogiques\/wp-json\/wp\/v2\/comments?post=36"}],"version-history":[{"count":13,"href":"https:\/\/gretsi.fr\/ressources-pedagogiques\/wp-json\/wp\/v2\/pages\/36\/revisions"}],"predecessor-version":[{"id":302,"href":"https:\/\/gretsi.fr\/ressources-pedagogiques\/wp-json\/wp\/v2\/pages\/36\/revisions\/302"}],"wp:attachment":[{"href":"https:\/\/gretsi.fr\/ressources-pedagogiques\/wp-json\/wp\/v2\/media?parent=36"}],"wp:term":[{"taxonomy":"niveau","embeddable":true,"href":"https:\/\/gretsi.fr\/ressources-pedagogiques\/wp-json\/wp\/v2\/niveau?post=36"},{"taxonomy":"theme2","embeddable":true,"href":"https:\/\/gretsi.fr\/ressources-pedagogiques\/wp-json\/wp\/v2\/theme2?post=36"},{"taxonomy":"type2","embeddable":true,"href":"https:\/\/gretsi.fr\/ressources-pedagogiques\/wp-json\/wp\/v2\/type2?post=36"}],"curies":[{"name":"wp","href":"https:\/\/api.w.org\/{rel}","templated":true}]}}